 digit of 6449?
9
What is the units digit of 3506?
6
What is the tens digit of 19535?
3
What is the thousands digit of 3919?
3
What is the tens digit of 1605?
0
What is the tens digit of 32846?
4
What is the units digit of 4646?
6
What is the tens digit of 10241?
4
What is the tens digit of 312?
1
What is the tens digit of 37229?
2
What is the thousands digit of 50163?
0
What is the thousands digit of 60352?
0
What is the hundreds digit of 2272?
2
What is the ten thousands digit of 26961?
2
What is the hundreds digit of 7455?
4
What is the units digit of 11724?
4
What is the thousands digit of 12247?
2
What is the hundreds digit of 256?
2
What is the units digit of 562?
2
What is the tens digit of 753?
5
What is the tens digit of 7455?
5
What is the thousands digit of 23922?
3
What is the hundreds digit of 10833?
8
What is the hundreds digit of 570?
5
What is the hundreds digit of 1277?
2
What is the thousands digit of 1319?
1
What is the units digit of 2924?
4
What is the hundreds digit of 1264?
2
What is the thousands digit of 5231?
5
What is the units digit of 640?
0
What is the tens digit of 498?
9
What is the hundreds digit of 1531?
5
What is the units digit of 67608?
8
What is the hundreds digit of 625?
6
What is the hundreds digit of 65929?
9
What is the hundreds digit of 795?
7
What is the units digit of 5959?
9
What is the ten thousands digit of 27388?
2
What is the tens digit of 2289?
8
What is the tens digit of 22161?
6
What is the units digit of 1685?
5
What is the units digit of 65766?
6
What is the thousands digit of 9329?
9
What is the thousands digit of 4804?
4
What is the hundreds digit of 37374?
3
What is the tens digit of 2146?
4
What is the hundreds digit of 88360?
3
What is the thousands digit of 140147?
0
What is the hundreds digit of 1491?
4
What is the ten thousands digit of 84971?
8
What is the units digit of 14268?
8
What is the thousands digit of 1455?
1
What is the units digit of 198?
8
What is the thousands digit of 9360?
9
What is the units digit of 9968?
8
What is the units digit of 5248?
8
What is the tens digit of 198?
9
What is the ten thousands digit of 30073?
3
What is the units digit of 1638?
8
What is the tens digit of 8194?
9
What is the hundreds digit of 607?
6
What is the thousands digit of 1793?
1
What is the thousands digit of 11674?
1
What is the units digit of 2422?
2
What is the tens digit of 47662?
6
What is the units digit of 7244?
4
What is the tens digit of 4079?
7
What is the units digit of 8679?
9
What is the tens digit of 43243?
4
What is the ten thousands digit of 46164?
4
What is the thousands digit of 10800?
0
What is the tens digit of 2255?
5
What is the hundreds digit of 4346?
3
What is the units digit of 19620?
0
What is the hundreds digit of 6908?
9
What is the hundreds digit of 1241?
2
What is the thousands digit of 2227?
2
What is the tens digit of 9434?
3
What is the thousands digit of 1409?
1
What is the tens digit of 57921?
2
What is the thousands digit of 7204?
7
What is the thousands digit of 1549?
1
What is the tens digit of 331?
3
What is the thousands digit of 3477?
3
What is the hundreds digit of 242?
2
What is the units digit of 78613?
3
What is the units digit of 2522?
2
What is the thousands digit of 23375?
3
What is the hundreds digit of 2401?
4
What is the ten thousands digit of 19457?
1
What is the hundreds digit of 92070?
0
What is the tens digit of 11453?
5
What is the ten thousands digit of 17537?
1
What is the hundreds digit of 104040?
0
What is the hundreds digit of 25956?
9
What is the ten thousands digit of 33933?
3
What is the units digit of 1547?
7
What is the tens digit of 23634?
3
What is the tens digit of 3015?
1
What is the thousands digit of 54949?
4
What is the hundreds digit of 4407?
4
What is the hundreds digit of 1210?
2
What is the units digit of 783?
3
What is the thousands digit of 5713?
5
What is the ten thousands digit of 33914?
3
What is the units digit of 24812?
2
What is the hundreds digit of 624?
6
What is the tens digit of 18787?
8
What is the hundreds digit of 4110?
1
What is the thousands digit of 3153?
3
What is the units digit of 67486?
6
What is the thousands digit of 87089?
7
What is the tens digit of 523?
2
What is the hundreds digit of 2019?
0
What is the tens digit of 37505?
0
What is the hundreds digit of 3422?
4
What is the tens digit of 85016?
1
What is the tens digit of 4614?
1
What is the hundreds digit of 499?
4
What is the thousands digit of 1438?
1
What is the ten thousands digit of 71192?
7
What is the hundreds digit of 358?
3
What is the units digit of 53220?
0
What is the units digit of 1287?
7
What is the hundreds digit of 13081?
0
What is the tens digit of 884?
8
What is the tens digit of 5320?
2
What is the thousands digit of 10259?
0
What is the tens digit of 1279?
7
What is the tens digit of 138?
3
What is the tens digit of 3596?
9
What is the tens digit of 67772?
7
What is the hundreds digit of 1200?
2
What is the units digit of 949?
9
What is the hundreds digit of 34922?
9
What is the tens digit of 3081?
8
What is the thousands digit of 4182?
4
What is the tens digit of 74569?
6
What is the hundreds digit of 10554?
5
What is the hundreds digit of 445?
4
What is the thousands digit of 48411?
8
What is the hundreds digit of 6823?
8
What is the tens digit of 1278?
7
What is the hundreds digit of 995?
9
What is the units digit of 30153?
3
What is the units digit of 100330?
0
What is the units digit of 8051?
1
What is the tens digit of 89612?
1
What is the units digit of 11765?
5
What is the units digit of 75?
5
What is the units digit of 21707?
7
What is the hundreds digit of 2889?
8
What is the units digit of 10134?
4
What is the tens digit of 26?
2
What is the units digit of 28?
8
What is the hundreds digit of 4805?
8
What is the tens digit of 5955?
5
What is the ten thousands digit of 96287?
9
What is the hundreds digit of 77494?
4
What is the hundreds digit of 617?
6
What is the thousands digit of 5910?
5
What is the units digit of 31?
1
What is the units digit of 28?
8
What is the thousands digit of 1123?
1
What is the thousands digit of 1591?
1
What is the tens digit of 1672?
7
What is the thousands digit of 33571?
3
What is the tens digit of 1286?
8
What is the units digit of 10473?
3
What is the hundreds digit of 15998?
9
What is the units digit of 1505?
5
What is the ten thousands digit of 15998?
1
What is the tens digit of 2636?
3
What is the hundreds digit of 4478?
4
What is the tens digit of 315?
1
What is the ten thousands digit of 10945?
1
What is the units digit of 274?
4
What is the hundreds digit of 4276?
2
What is the tens digit of 80?
8
What is the tens digit of 21?
2
What is the units digit of 20720?
0
What is the tens digit of 1025?
2
What is the units digit of 17669?
9
What is the thousands digit of 4617?
4
What is the units digit of 2291?
1
What is the units digit of 15241?
1
What is the ten thousands digit of 15509?
1
What is the ten thousands digit of 13030?
1
What is the tens digit of 1276?
7
What is the tens digit of 68522?
2
What is the thousands digit of 7877?
7
What is the thousands digit of 5513?
5
What is the hundreds digit of 581?
5
What is the ten thousands digit of 18249?
1
What is the thousands digit of 1296?
1
What is the tens digit of 2304?
0
What is the units digit of 9312?
2
What is the tens digit of 966?
6
What is the units digit of 1035?
5
What is the hundreds digit of 1527?
5
What is the units digit of 5301?
1
What is the thousands digit of 3661?
3
What is the tens digit of 2270?
7
What is the tens digit of 1036?
3
What is the tens digit of 30451?
5
What is the hundreds digit of 5867?
8
What is the ten thousands digit of 44186?
4
What is the thousands digit of 14451?
4
What is the units digit of 3672?
2
What is the thousands digit of 2555?
2
What is the hundreds digit of 1260?
2
What is the thousands digit of 1877?
1
What is the hundred thousands digit of 128706?
1
What is the hundreds digit of 18468?
4
What is the units digit of 28504?
4
What is the thousands digit of 19010?
9
What is the thousands digit of 67010?
7
What is the hundreds digit of 9422?
4
What is the units digit of 112?
2
What is the units digit of 56323?
3
What is the units digit of 4177?
7
What is the t